lculate the remainder when 198 is divided by 81.
36
Calculate the remainder when 1846 is divided by 6.
4
Calculate the remainder when 628 is divided by 313.
2
What is the remainder when 70 is divided by 40?
30
What is the remainder when 100 is divided by 36?
28
Calculate the remainder when 1714 is divided by 13.
11
Calculate the remainder when 9363 is divided by 323.
319
What is the remainder when 3165 is divided by 27?
6
Calculate the remainder when 20 is divided by 4.
0
Calculate the remainder when 361 is divided by 14.
11
What is the remainder when 283 is divided by 176?
107
Calculate the remainder when 849 is divided by 23.
21
What is the remainder when 619 is divided by 124?
123
Calculate the remainder when 123 is divided by 84.
39
What is the remainder when 384 is divided by 145?
94
Calculate the remainder when 50 is divided by 19.
12
Calculate the remainder when 587 is divided by 34.
9
What is the remainder when 771 is divided by 48?
3
Calculate the remainder when 884 is divided by 201.
80
What is the remainder when 139 is divided by 10?
9
What is the remainder when 131 is divided by 5?
1
What is the remainder when 425 is divided by 62?
53
What is the remainder when 570 is divided by 44?
42
What is the remainder when 6 is divided by 5?
1
What is the remainder when 1583 is divided by 227?
221
What is the remainder when 130 is divided by 20?
10
Calculate the remainder when 1061 is divided by 32.
5
Calculate the remainder when 567 is divided by 15.
12
Calculate the remainder when 60 is divided by 50.
10
Calculate the remainder when 543 is divided by 137.
132
What is the remainder when 83 is divided by 28?
27
Calculate the remainder when 2122 is divided by 25.
22
What is the remainder when 2443 is divided by 306?
301
Calculate the remainder when 203 is divided by 50.
3
What is the remainder when 325 is divided by 21?
10
Calculate the remainder when 452 is divided by 58.
46
Calculate the remainder when 761 is divided by 51.
47
Calculate the remainder when 865 is divided by 287.
4
Calculate the remainder when 211 is divided by 55.
46
Calculate the remainder when 701 is divided by 15.
11
What is the remainder when 2108 is divided by 24?
20
Calculate the remainder when 153 is divided by 22.
21
Calculate the remainder when 278 is divided by 94.
90
What is the remainder when 71 is divided by 29?
13
What is the remainder when 1503 is divided by 52?
47
What is the remainder when 430 is divided by 24?
22
What is the remainder when 1074 is divided by 135?
129
What is the remainder when 25 is divided by 9?
7
What is the remainder when 4031 is divided by 4?
3
Calculate the remainder when 43987 is divided by 43.
41
Calculate the remainder when 248 is divided by 17.
10
Calculate the remainder when 86 is divided by 19.
10
Calculate the remainder when 279 is divided by 67.
11
Calculate the remainder when 183 is divided by 64.
55
Calculate the remainder when 1742 is divided by 83.
82
What is the remainder when 332 is divided by 56?
52
Calculate the remainder when 93 is divided by 74.
19
What is the remainder when 171 is divided by 75?
21
What is the remainder when 8099 is divided by 25?
24
Calculate the remainder when 31 is divided by 11.
9
Calculate the remainder when 10595 is divided by 12.
11
Calculate the remainder when 335 is divided by 34.
29
Calculate the remainder when 120 is divided by 50.
20
Calculate the remainder when 753 is divided by 246.
15
What is the remainder when 4920 is divided by 982?
10
What is the remainder when 7424 is divided by 25?
24
Calculate the remainder when 725 is divided by 66.
65
Calculate the remainder when 960 is divided by 74.
72
What is the remainder when 6 is divided by 2?
0
What is the remainder when 178 is divided by 36?
34
What is the remainder when 153 is divided by 77?
76
Calculate the remainder when 597 is divided by 8.
5
What is the remainder when 301 is divided by 24?
13
Calculate the remainder when 255 is divided by 86.
83
Calculate the remainder when 435 is divided by 55.
50
What is the remainder when 128 is divided by 18?
2
Calculate the remainder when 81 is divided by 15.
6
What is the remainder when 2488 is divided by 25?
13
What is the remainder when 336 is divided by 53?
18
Calculate the remainder when 1774 is divided by 71.
70
What is the remainder when 3302 is divided by 276?
266
Calculate the remainder when 1183 is divided by 15.
13
Calculate the remainder when 70 is divided by 8.
6
What is the remainder when 26 is divided by 10?
6
What is the remainder when 1001 is divided by 39?
26
What is the remainder when 389 is divided by 28?
25
What is the remainder when 3895 is divided by 130?
125
Calculate the remainder when 2784 is divided by 21.
12
What is the remainder when 51 is divided by 31?
20
Calculate the remainder when 1671 is divided by 76.
75
What is the remainder when 1175 is divided by 19?
16
What is the remainder when 255 is divided by 16?
15
Calculate the remainder when 1276 is divided by 53.
4
What is the remainder when 71 is divided by 15?
11
Calculate the remainder when 856 is divided by 33.
31
Calculate the remainder when 62 is divided by 39.
23
What is the remainder when 135 is divided by 44?
3
Calculate the remainder when 263 is divided by 57.
35
Calculate the remainder when 285 is divided by 12.
9
What is the remainder when 133 is divided by 8?
5
Calculate the remainder when 209 is divided by 78.
53
Calculate the remainder when 1700 is divided by 45.
35
What is the remainder when 38 is divided by 20?
18
Calculate the remainder when 4502 is divided by 98.
92
Calculate the remainder when 278 is divided by 15.
8
Calculate the remainder when 66 is divided by 33.
0
What is the remainder when 81 is divided by 10?
1
What is the remainder when 106 is divided by 34?
4
Calculate the remainder when 913 is divided by 61.
59
Calculate the remainder when 341 is divided by 38.
37
Calculate the remainder when 426 is divided by 16.
10
What is the remainder when 39 is divided by 21?
18
What is the remainder when 8799 is divided by 13?
11
What is the remainder when 217 is divided by 17?
13
What is the remainder when 460 is divided by 128?
76
What is the remainder when 1141 is divided by 168?
133
What is the remainder when 4126 is divided by 2059?
8
Calculate the remainder when 121 is divided by 36.
13
Calculate the remainder when 2202 is divided by 38.
36
What is the remainder when 620 is divided by 142?
52
Calculate the remainder when 958 is divided by 34.
6
Calculate the remainder when 151 is divided by 20.
11
Calculate the remainder when 135 is divided by 38.
21
Calculate the remainder when 204 is divided by 30.
24
Calculate the remainder when 40 is divided by 7.
5
Calculate the remainder when 12069 is divided by 257.
247
Calculate the remainder when 222 is divided by 9.
6
What is the remainder when 4563 is divided by 64?
19
What is the remainder when 257 is divided by 27?
14
What is the remainder when 307 is divided by 22?
21
Calculate the remainder when 2019 is divided by 222.
21
Calculate the remainder when 15 is divided by 11.
4
What is the remainder when 268 is divided by 34?
30
What is the remainder when 3505 is divided by 21?
19
What is the remainder when 89 is divided by 14?
5
What is the remainder when 78 is divided by 31?
16
Calculate the remainder when 40 is divided by 13.
1
Calculate the remainder when 138 is divided by 25.
13
What is the remainder when 593 is divided by 22?
21
Calculate the remainder when 57 is divided by 17.
6
Calculate the remainder when 207 is divided by 32.
15
Calculate the remainder when 6798 is divided by 27.
21
Calculate the remainder when 60 is divided by 6.
0
What is the remainder when 179 is divided by 65?
49
Calculate the remainder when 22055 is divided by 27.
23
What is the remainder when 13984 is divided by 7?
5
Calculate the remainder when 1095 is divided by 39.
3
Calculate the remainder when 174 is divided by 18.
12
Calculate the remainder when 193 is divided by 24.
1
What is the remainder when 3 is divided by 2?
1
What is the remainder when 716 is divided by 233?
17
Calculate the remainder when 233 is divided by 97.
39
Calculate the remainder when 96 is divided by 17.
11
What is the remainder when 1936 is divided by 51?
49
What is the remainder when 88